 divided by c?
20
Suppose 0 = -23*b + 6*b + 6885. Suppose -3*o + 123 = 5*h - 272, -5*h = o - b. What is the remainder when 736 is divided by h?
80
Let w(b) = -8*b + 100. Let o = -512 + 523. What is the remainder when w(o) is divided by 10?
2
Let f = 4742 + -3964. What is the remainder when f is divided by 15?
13
Let l = -2080 - -2205. What is the remainder when l is divided by 35?
20
Let c(l) = -2*l - 2. Let p be c(-2). Suppose -w - 4*r - 15 = 0, -5*w - 3*r = 5 + p. Suppose 2*m - 11 = -7. What is the remainder when m is divided by w?
0
Let o(y) = y**3 - 34*y**2 + 35*y - 44. Let b = -393 - -426. What is the remainder when 37 is divided by o(b)?
15
Suppose 5*m + 66 = 15*m - 4. Let z(r) = -r**3 + 11*r**2 + 15*r - 6. Let l be z(12). Suppose -2*t + l + 22 = 0. What is the remainder when t is divided by m?
5
Suppose -3*n + 55 = 2*n. Let a(t) = 14*t**2 + 67*t + 172. Calculate the remainder when a(-3) is divided by n.
9
Suppose 11*k + 31*k = 11*k + 2976. What is the remainder when 1821 is divided by k?
93
Suppose -2*t + 291 = -f - 124, 4*t - 1676 = 4*f. Let s = f + 436. What is the remainder when 688 is divided by s?
12
What is the remainder when (-6 - -10) + 42 - (6 + -14) is divided by 19?
16
What is the remainder when 201 is divided by 2 - 3 - (-8 + 2 + -35)?
1
Suppose 9*c = -884 + 5348. Calculate the remainder when c is divided by 44.
12
Suppose -35*z = 5*z + 45*z - 17085. What is the remainder when 14870 is divided by z?
197
Suppose -4*q + 35 = -3*d - 838, 3*d + q = -888. Let t = d - -299. What is the remainder when 114 is divided by t?
2
Calculate the remainder when 7083 is divided by -23*(-59 - -61)/(1 + -1 + -1).
45
Let s = 4 - -83. Suppose 4*j - s = 5*g, 5*j - 159 = 4*g - 48. Suppose v - 2*v + 3*a = -104, 425 = 5*v + 4*a. Calculate the remainder when v is divided by j.
20
Let l be (-6 - 205/(-4))*12/(-3). Let k = l - -219. What is the remainder when 96 is divided by k?
20
Let m be (-1 + -7)*3/(-6). Suppose -b + 2*h = -49, h - 161 = b - m*b. Calculate the remainder when b is divided by 8/(-96)*-6*(57 + -1).
25
Let y(w) = 11*w + 453. What is the remainder when 937 is divided by y(-41)?
1
Let l(w) = 61*w**2 + 167*w - 625. Calculate the remainder when l(4) is divided by 171.
164
Let i be -1*(-4 + -4 + 3). Let c be -2 + i + 0 - 0. Suppose 154 = -4*r + 3*d + 380, c*r + 5*d = 184. Calculate the remainder when r is divided by 30.
28
Suppose 204*g + 2454 = 3474. Let a(c) = 3*c**2 + 5*c - 6. What is the remainder when a(5) is divided by g?
4
Let o = 257 + -251. Let z(l) = l**3 - 8*l**2 + 29*l - 2. Calculate the remainder when z(o) is divided by 26.
22
Let g(p) = p**3 - 10*p**2 - 10*p - 28. Let d be g(10). Let r = -84 - d. Let f(i) = i**2 + i - 1. What is the remainder when r is divided by f(2)?
4
Let z be 7/(-1 - 24/(-20)). What is the remainder when 45 is divided by 108/72 - z/(-2)?
7
Suppose -34*r = -22*r + 39*r - 9384. What is the remainder when 3127 is divided by r?
183
Suppose 5*n = 2*d + 2*d + 592, 0 = -4*n + 4*d + 476. Suppose 3*y - 31 = -2*c, -212*y + 116 = 5*c - 208*y. What is the remainder when n is divided by c?
20
Let p(w) = -2*w**3 + 40*w**2 + 20*w - 4. What is the remainder when p(20) is divided by 151?
94
Suppose 143*w - 11717 = -5838 + 27011. Calculate the remainder when w is divided by 213.
17
Let n(j) = 17*j**2 - 202*j - 71. Calculate the remainder when n(17) is divided by 177.
169
Suppose -299*c = -302*c + 3189. Let d = c - 657. Calculate the remainder when d is divided by 34.
32
Let c be (-2)/4*0/(-59). Suppose -2*n - 2 = c, 3*g - 4*n - 24 = 16. Calculate the remainder when 93 is divided by g.
9
Suppose -o - 2715 = -4*c, -2*c + 760 = -o - 597. What is the remainder when c is divided by 41?
23
Suppose -67*c - 872*c = -85820 + 12578. Suppose -m = 3*m - 48. What is the remainder when c is divided by m?
6
Suppose 0 = 5*l + 5 - 55. Suppose 4*p + 277 = -219. Let b = p - -130. Calculate the remainder when l is divided by b.
4
Suppose 0 = -132*k + 77*k + 3575. What is the remainder when 403 is divided by k?
13
Suppose -11*c - 73*c + 18612 = -18*c. What is the remainder when 898 is divided by c?
52
Suppose 4083 = 29*m + 835. Let j = m - 28. Calculate the remainder when 498 is divided by j.
78
Suppose 647 = 2*b - d - 546, -d = 2*b - 1203. Calculate the remainder when b is divided by 27.
5
Let u(n) = -3*n**2 + 8*n - 23. Let s(m) = -14*m**2 + 31*m - 93. Let r(p) = -2*s(p) + 9*u(p). What is the remainder when 3 is divided by r(-12)?
0
Suppose -5*z = 3*a - 270, 3*z + z + 5*a = 203. Let k = 74 - z. Let r = k - -148. What is the remainder when r is divided by 42?
39
Let y(c) = -11*c - 1036. Let d(r) = 3*r**2 - 10*r - 8. What is the remainder when d(-7) is divided by y(-98)?
41
Let f = -154 + 602. Calculate the remainder when f is divided by 18.
16
Let m(z) = z**2 + 2*z - 17. Let y = 123 - 87. Suppose 4*b + 4*l - y = 0, -2 - 6 = -4*b + 3*l. Calculate the remainder when m(b) is divided by 3.
0
Suppose 6102 = 32*r + 17*r + 64*r. What is the remainder when 319 is divided by r?
49
Let z(h) = h**3 + 6*h**2 - 69*h + 75. Calculate the remainder when z(13) is divided by 16.
5
Suppose -2*w = -13*y + 18*y - 94, -4*w + 5*y + 278 = 0. What is the remainder when 591 is divided by w?
33
Let b(d) = -d**2 - 44*d + 22. Calculate the remainder when 3684 is divided by b(-39).
212
Calculate the remainder when 80*(-8)/14*119/(-34) is divided by 6.
4
Let w = 589 - 589. Suppose 2*f + 4*x = 22, w*f - 4*f - x + 16 = 0. What is the remainder when 7 is divided by f?
1
Suppose 0 = -3*n + 58*b - 63*b + 528, 704 = 4*n + 3*b. What is the remainder when 1228 is divided by n?
172
Let i(k) = k + 39. Let t be -2 - 1 - (-3 - 6). Let u be i(t). Suppose 0 = -11*w + 177 - u. What is the remainder when 34 is divided by w?
10
Let c be 4/1 - (-1 - -1). Suppose -7*l + c*l = -831. Suppose 4*m + 93 - l = 0. Calculate the remainder when m is divided by 16.
14
Let m = -3026 - -3663. What is the remainder when m is divided by 305?
27
Suppose 5*y + 10 - 25 = 0. Let p(t) = 5*t**3 - 3*t + 1. Calculate the remainder when p(y) is divided by (105/(-39) - -3)*(-1183)/(-14).
23
Let m(v) = 2075*v - 6172. Suppose -5*g - 6 - 4 = 0. What is the remainder when m(3) is divided by (30 - 3) + (-2)/g?
25
Suppose y - 100 = -2*x + 56, x = 4*y - 678. What is the remainder when 1846 is divided by y?
166
Suppose 5*c - 14215 = 5*p, 7 = -4*p - 17. What is the remainder when c is divided by 98?
93
Suppose -3*f = -5*f + 68. Let b(w) = 4*w**2 - 401*w - 1642. Calculate the remainder when f is divided by b(-4).
8
Suppose -908*w + 1629 = -905*w. Calculate the remainder when w is divided by 58.
21
Let b = 7886 - 7834. Calculate the remainder when 4764 is divided by b.
32
Let q be 0 + (-8)/3*(-3)/2. Suppose -q*p + 57 = 89. Let n(a) = a**2 - 6. Calculate the remainder when n(p) is divided by 15.
13
Suppose -m - 2*l = -907, 0*l = -5*l + 20. Let y = m + -560. What is the remainder when y is divided by 18?
15
What is the remainder when -94*(-8 - 12/(-2)) is divided by 7?
6
Suppose 0 = 35*n - 37*n - 3*w + 11, -4*w = -n. Calculate the remainder when 421 is divided by n.
1
Let g = 24 + -2. Suppose 180 = g*v - 7*v. What is the remainder when 107 is divided by v?
11
Suppose 0 = -9*x + 3633 - 744. Calculate the remainder when x is divided by 9.
6
Let v(d) = -5. Let z(m) = 18*m + 83. Let a(y) = 6*v(y) - z(y). Calculate the remainder when a(-9) is divided by 28.
21
Let k(m) = -m**2 + 8*m + 12. Let l = 36 + -27. Let c be k(l). Suppose 0*n + g = 3*n - 89, c*n - 4*g = 95. What is the remainder when 258 is divided by n?
26
Let u be (16/(-4) - 2) + 0. Let b = 58 - 33. Calculate the remainder when (194/u)/((-1)/3) is divided by b.
22
Suppose 6*t - 12 = -0*t. Suppose -q = -4*s, 2*q - 2*s - t = q. Suppose 0 = -2*j + 5*z + 23, 3*z + 10 = j - 1. What is the remainder when j is divided by q?
2
Let t(x) = -x**3 - 7*x**2 + 8*x + 6. Let d be t(-6). Let h = d - -86. Suppose -5*g + 611 = h*g. Calculate the remainder when 186 is divided by g.
45
Let l = 39 - 39. Suppose s - 5*n - 205 = l, 5*s - 5*n = 3*s + 385. Suppose -6*p - s = -11*p. Calculate the remainder when p is divided by 13.
10
Let j be (-18)/27 - (112/12 - 4). Suppose -3*w + 6*w = 48. What is the remainder when (-10)/j - 9/((-135)/545) is divided by w?
6
Suppose -5*x = 7*a - 995, 0 = 35*a -